{"id":998,"date":"2020-11-12T22:16:33","date_gmt":"2020-11-12T20:16:33","guid":{"rendered":"http:\/\/grillhouse.lv\/veikals\/?post_type=product&#038;p=998"},"modified":"2025-04-05T11:26:16","modified_gmt":"2025-04-05T08:26:16","slug":"kamado-joe-big-joe-stand-alone","status":"publish","type":"product","link":"https:\/\/grillhouse.lv\/veikals\/products\/kamado-joe-big-joe-stand-alone\/","title":{"rendered":"Kamado Joe Big Joe Stand Alone"},"content":{"rendered":"<p>Izbaudiet visas keramisko kokog\u013cu grila priek\u0161roc\u012bbas ar gatavo\u0161anas virsmu, lai izklaid\u0113tu p\u016bli ar m\u016bsu Big Joe II. M\u016bsu univers\u0101l\u0101kais kamado keramikas grils pied\u0101v\u0101 24 collu gatavo\u0161anas vietu un ieb\u016bv\u0113tas funkcijas, lai katrs pav\u0101rs b\u016btu bez probl\u0113m\u0101m. Inov\u0101cijas ir standarta komplekt\u0101 ar katru keramisko grila grilu no Kamado Joe.<\/p>\n","protected":false},"excerpt":{"rendered":"<p>Gatavo\u0161ans virsmas diametrs: 61cm<\/p>\n<p>Karstuma diapazons: 82<a class=\"mw-selflink selflink\">\u00b0C\u00a0<\/a>\u2013 399<a class=\"mw-selflink selflink\">\u00b0C<\/a><\/p>\n<p>Svars bez iepakojuma: 179kg<\/p>\n","protected":false},"featured_media":996,"comment_status":"open","ping_status":"closed","template":"","meta":[],"pwb-brand":[149],"product_brand":[],"product_cat":[86,48],"product_tag":[78,50],"class_list":{"0":"post-998","1":"product","2":"type-product","3":"status-publish","4":"has-post-thumbnail","6":"pwb-brand-kamado-joe","7":"product_cat-kamado-joe","8":"product_cat-kokoglu-grili","9":"product_tag-kamado-joe","10":"product_tag-kokoglu-grili","11":"thunk-woo-product-list","12":"opn-qv-enable","13":"open-woo-hover-none","14":"open-single-product-tab-horizontal","15":"open-shadow-","16":"open-shadow-hover-","18":"first","19":"onbackorder","20":"taxable","21":"shipping-taxable","22":"purchasable","23":"product-type-simple"},"jetpack-related-posts":[],"jetpack_sharing_enabled":true,"brands":[{"id":149,"name":"Kamado Joe","slug":"kamado-joe"}],"_links":{"self":[{"href":"https:\/\/grillhouse.lv\/veikals\/wp-json\/wp\/v2\/product\/998","targetHints":{"allow":["GET"]}}],"collection":[{"href":"https:\/\/grillhouse.lv\/veikals\/wp-json\/wp\/v2\/product"}],"about":[{"href":"https:\/\/grillhouse.lv\/veikals\/wp-json\/wp\/v2\/types\/product"}],"replies":[{"embeddable":true,"href":"https:\/\/grillhouse.lv\/veikals\/wp-json\/wp\/v2\/comments?post=998"}],"wp:featuredmedia":[{"embeddable":true,"href":"https:\/\/grillhouse.lv\/veikals\/wp-json\/wp\/v2\/media\/996"}],"wp:attachment":[{"href":"https:\/\/grillhouse.lv\/veikals\/wp-json\/wp\/v2\/media?parent=998"}],"wp:term":[{"taxonomy":"pwb-brand","embeddable":true,"href":"https:\/\/grillhouse.lv\/veikals\/wp-json\/wp\/v2\/pwb-brand?post=998"},{"taxonomy":"product_brand","embeddable":true,"href":"https:\/\/grillhouse.lv\/veikals\/wp-json\/wp\/v2\/product_brand?post=998"},{"taxonomy":"product_cat","embeddable":true,"href":"https:\/\/grillhouse.lv\/veikals\/wp-json\/wp\/v2\/product_cat?post=998"},{"taxonomy":"product_tag","embeddable":true,"href":"https:\/\/grillhouse.lv\/veikals\/wp-json\/wp\/v2\/product_tag?post=998"}],"curies":[{"name":"wp","href":"https:\/\/api.w.org\/{rel}","templated":true}]}}