{"id":962,"date":"2020-11-12T20:16:37","date_gmt":"2020-11-12T18:16:37","guid":{"rendered":"http:\/\/grillhouse.lv\/veikals\/?post_type=product&#038;p=962"},"modified":"2022-08-14T20:10:29","modified_gmt":"2022-08-14T17:10:29","slug":"kamado-joe-joe-junior","status":"publish","type":"product","link":"https:\/\/grillhouse.lv\/veikals\/products\/kamado-joe-joe-junior\/","title":{"rendered":"Kamado Joe Junior"},"content":{"rendered":"<p>Gatavo\u0161ans virsmas diametrs: 34,2cm<\/p>\n<p>Karstuma diapazons: 82<a class=\"mw-selflink selflink\">\u00b0C\u00a0<\/a>\u2013 399<a class=\"mw-selflink selflink\">\u00b0C<\/a><\/p>\n<p>Svars bez iepakojuma: 30,8kg<\/p>\n","protected":false},"excerpt":{"rendered":"<p>M\u016bsu visvair\u0101k p\u0101rn\u0113s\u0101jamais keramikas kokog\u013cu grils Kamado Joe Jr. pied\u0101v\u0101 34,2 cm gatavo\u0161anas vietas. \u0160is kamado keramikas grils, kas sver tikai 30,8cm, ir ide\u0101ls s\u0101ncensis jebkuram, atrodoties ce\u013c\u0101, \u0101trai malt\u012btei ned\u0113\u013cas nogal\u0113 diviem vai jebkuram jaunam keramikas gril\u0113t\u0101jam.<\/p>\n<p>Ar Kamado Joe Junior keramikas grila grilu ieraugiet savas m\u0101jas pagalma gar\u0161u visos savos piedz\u012bvojumos &#8211; l\u012bdz bag\u0101\u017eas nodal\u012bjuma durv\u012bm, ezeram, oke\u0101nam, laivo\u0161anai, kempingam, med\u012bb\u0101m, mak\u0161\u0137er\u0113\u0161anai.<\/p>\n<p>Mazs grils, liels arom\u0101ts, augst\u0101k\u0101 l\u012bme\u0146a gril\u0113\u0161ana.<\/p>\n","protected":false},"featured_media":963,"comment_status":"open","ping_status":"closed","template":"","meta":[],"pwb-brand":[149],"product_brand":[],"product_cat":[86,48],"product_tag":[78,50],"class_list":{"0":"post-962","1":"product","2":"type-product","3":"status-publish","4":"has-post-thumbnail","6":"pwb-brand-kamado-joe","7":"product_cat-kamado-joe","8":"product_cat-kokoglu-grili","9":"product_tag-kamado-joe","10":"product_tag-kokoglu-grili","11":"thunk-woo-product-list","12":"opn-qv-enable","13":"open-woo-hover-none","14":"open-single-product-tab-horizontal","15":"open-shadow-","16":"open-shadow-hover-","18":"first","19":"onbackorder","20":"taxable","21":"shipping-taxable","22":"purchasable","23":"product-type-simple"},"jetpack-related-posts":[],"jetpack_sharing_enabled":true,"brands":[{"id":149,"name":"Kamado Joe","slug":"kamado-joe"}],"_links":{"self":[{"href":"https:\/\/grillhouse.lv\/veikals\/wp-json\/wp\/v2\/product\/962","targetHints":{"allow":["GET"]}}],"collection":[{"href":"https:\/\/grillhouse.lv\/veikals\/wp-json\/wp\/v2\/product"}],"about":[{"href":"https:\/\/grillhouse.lv\/veikals\/wp-json\/wp\/v2\/types\/product"}],"replies":[{"embeddable":true,"href":"https:\/\/grillhouse.lv\/veikals\/wp-json\/wp\/v2\/comments?post=962"}],"wp:featuredmedia":[{"embeddable":true,"href":"https:\/\/grillhouse.lv\/veikals\/wp-json\/wp\/v2\/media\/963"}],"wp:attachment":[{"href":"https:\/\/grillhouse.lv\/veikals\/wp-json\/wp\/v2\/media?parent=962"}],"wp:term":[{"taxonomy":"pwb-brand","embeddable":true,"href":"https:\/\/grillhouse.lv\/veikals\/wp-json\/wp\/v2\/pwb-brand?post=962"},{"taxonomy":"product_brand","embeddable":true,"href":"https:\/\/grillhouse.lv\/veikals\/wp-json\/wp\/v2\/product_brand?post=962"},{"taxonomy":"product_cat","embeddable":true,"href":"https:\/\/grillhouse.lv\/veikals\/wp-json\/wp\/v2\/product_cat?post=962"},{"taxonomy":"product_tag","embeddable":true,"href":"https:\/\/grillhouse.lv\/veikals\/wp-json\/wp\/v2\/product_tag?post=962"}],"curies":[{"name":"wp","href":"https:\/\/api.w.org\/{rel}","templated":true}]}}