{"id":922,"date":"2020-11-12T13:24:07","date_gmt":"2020-11-12T11:24:07","guid":{"rendered":"http:\/\/grillhouse.lv\/veikals\/?post_type=product&#038;p=922"},"modified":"2025-04-05T11:25:45","modified_gmt":"2025-04-05T08:25:45","slug":"kamado-joe-classic-iii-stand-alone","status":"publish","type":"product","link":"https:\/\/grillhouse.lv\/veikals\/products\/kamado-joe-classic-iii-stand-alone\/","title":{"rendered":"Kamado Joe Classic III Stand Alone"},"content":{"rendered":"<p>Gatavo\u0161ans virsmas diametrs: 46cm<\/p>\n<p>Karstuma diapazons: 82<a class=\"mw-selflink selflink\">\u00b0C\u00a0<\/a>\u2013 399<a class=\"mw-selflink selflink\">\u00b0C<\/a><\/p>\n<p>Svars bez iepakojuma: 128kg<\/p>\n","protected":false},"excerpt":{"rendered":"<p>Kamado Joe\u00ae Classic III Stand Alone ir keramikas kokog\u013cu grils. Tas ietver revolucion\u0101ro Sl\u014dRoller hiperbolisko d\u016bmu kameras ieliktni, kas izmanto ciklonisk\u0101s gaisa pl\u016bsmas tehnolo\u0123ijas sp\u0113ku, lai kontrol\u0113tu siltumu un d\u016bmus, vienlaikus nodro\u0161inot lielisko gar\u0161u un fakt\u016bru, ko var nodro\u0161in\u0101t tikai keramikas grils. 3-Tier Divide and Conquer\u00aegatavo\u0161anas sist\u0113ma dubulto gatavo\u0161anas vietu un \u013cauj gatavot \u0113dienus da\u017e\u0101d\u0101s temperat\u016br\u0101s. J\u016bs neatrad\u012bsit lab\u0101ku, daudzpus\u012bg\u0101ku kamado keramikas grilu<\/p>\n","protected":false},"featured_media":923,"comment_status":"open","ping_status":"closed","template":"","meta":[],"pwb-brand":[149],"product_brand":[],"product_cat":[86,48],"product_tag":[127,78,125,126],"class_list":{"0":"post-922","1":"product","2":"type-product","3":"status-publish","4":"has-post-thumbnail","6":"pwb-brand-kamado-joe","7":"product_cat-kamado-joe","8":"product_cat-kokoglu-grili","9":"product_tag-kamado","10":"product_tag-kamado-joe","11":"product_tag-keramiskais-grils","12":"product_tag-kokoglu-grils","13":"thunk-woo-product-list","14":"opn-qv-enable","15":"open-woo-hover-none","16":"open-single-product-tab-horizontal","17":"open-shadow-","18":"open-shadow-hover-","20":"first","21":"onbackorder","22":"taxable","23":"shipping-taxable","24":"purchasable","25":"product-type-simple"},"jetpack-related-posts":[],"jetpack_sharing_enabled":true,"brands":[{"id":149,"name":"Kamado Joe","slug":"kamado-joe"}],"_links":{"self":[{"href":"https:\/\/grillhouse.lv\/veikals\/wp-json\/wp\/v2\/product\/922","targetHints":{"allow":["GET"]}}],"collection":[{"href":"https:\/\/grillhouse.lv\/veikals\/wp-json\/wp\/v2\/product"}],"about":[{"href":"https:\/\/grillhouse.lv\/veikals\/wp-json\/wp\/v2\/types\/product"}],"replies":[{"embeddable":true,"href":"https:\/\/grillhouse.lv\/veikals\/wp-json\/wp\/v2\/comments?post=922"}],"wp:featuredmedia":[{"embeddable":true,"href":"https:\/\/grillhouse.lv\/veikals\/wp-json\/wp\/v2\/media\/923"}],"wp:attachment":[{"href":"https:\/\/grillhouse.lv\/veikals\/wp-json\/wp\/v2\/media?parent=922"}],"wp:term":[{"taxonomy":"pwb-brand","embeddable":true,"href":"https:\/\/grillhouse.lv\/veikals\/wp-json\/wp\/v2\/pwb-brand?post=922"},{"taxonomy":"product_brand","embeddable":true,"href":"https:\/\/grillhouse.lv\/veikals\/wp-json\/wp\/v2\/product_brand?post=922"},{"taxonomy":"product_cat","embeddable":true,"href":"https:\/\/grillhouse.lv\/veikals\/wp-json\/wp\/v2\/product_cat?post=922"},{"taxonomy":"product_tag","embeddable":true,"href":"https:\/\/grillhouse.lv\/veikals\/wp-json\/wp\/v2\/product_tag?post=922"}],"curies":[{"name":"wp","href":"https:\/\/api.w.org\/{rel}","templated":true}]}}