{"id":900,"date":"2020-11-12T09:59:02","date_gmt":"2020-11-12T07:59:02","guid":{"rendered":"http:\/\/grillhouse.lv\/veikals\/?post_type=product&#038;p=900"},"modified":"2020-11-28T09:42:39","modified_gmt":"2020-11-28T07:42:39","slug":"kasumi-vg-10-pro-santoku-japanu-virtuves-nazis","status":"publish","type":"product","link":"https:\/\/grillhouse.lv\/veikals\/products\/kasumi-vg-10-pro-santoku-japanu-virtuves-nazis\/","title":{"rendered":"Kasumi VG-10 Pro Santoku Jap\u0101\u0146u virtuves nazis"},"content":{"rendered":"<ul>\n<li><strong>Asmens garums:<\/strong>\u00a018 cm<\/li>\n<li>Asmens t\u0113rauds: Japanese VG-10 Cobalt high carbon stainless steel<\/li>\n<li><strong>Ciet\u012bba:<\/strong>\u00a059-60<strong>\u00a0HRC<\/strong><\/li>\n<li>Rokturis: Blue Marble Effect Resin Anti Bacterial Handle<\/li>\n<li><strong>Asin\u0101jums:<\/strong>\u00a0V type<\/li>\n<li><strong>Svars:\u00a0<\/strong>185 g<strong><br \/>\n<\/strong><\/li>\n<li>Izgatavots Jap\u0101n\u0101<\/li>\n<\/ul>\n<p><strong>KASUMI<\/strong><\/p>\n<p>SUMIKAMA uz\u0146\u0113mums, KASUMI na\u017eu brenda \u012bpa\u0161nieks, izgatavo \u013coti augstas kvalit\u0101tes virtuves na\u017eus un aksesu\u0101rus, izmantojot 780 gadu vecas Seki zobenu meistaru trad\u012bcijas un modernos materi\u0101lus.<\/p>\n<p>&nbsp;<\/p>\n<h4>Padomi na\u017ea uztur\u0113\u0161anai<\/h4>\n<ul>\n<li>Ne\u013caujiet nazim palikt pavisam neasam, asiniet to regul\u0101ri. Asin\u0101t v\u0113lams ar uz galda liekamu akmens vai dimanta galodu.<\/li>\n<li>K\u0101 jebkuru labu virtuves nazi, to nedr\u012bkst mazg\u0101t trauku ma\u0161\u012bn\u0101. Mazg\u0101jiet nazi zem teko\u0161a, karsta \u016bdens ar birst\u012bti un nosusiniet ar pap\u012bra dvieli uzreiz p\u0113c lieto\u0161anas pabeig\u0161anas.<\/li>\n<li>Haiku home s\u0113rijas virtuves na\u017ei ir izgatavoti no piem\u0113rota t\u0113rauda un noasin\u0101ti ar\u00a0<strong>&#8220;V&#8221; veida jap\u0101\u0146u asin\u0101jumu.<\/strong><\/li>\n<\/ul>\n<h4>Asin\u0101\u0161anas instrukcija (ar \u016bdens akmeni)<\/h4>\n<ol>\n<li>S\u0101kum\u0101 akmeni iem\u0113rciet \u016bden\u012b 15 min\u016btes. Asin\u0101\u0161anas laik\u0101 vienm\u0113r turiet akmeni mitru, varat to aplaist\u012bt regul\u0101ri ar \u016bdeni, ja dom\u0101jat, ka tas \u017e\u016bst. \u016adens darbojas k\u0101 sm\u0113rviela uz akmens.<\/li>\n<li>Nazis j\u0101tur 10-20\u00b0 le\u0146\u0137\u012b pret galodu. Tad nazis tiek novilkts pa akmens virsmu ar nelielu spiedienu uz priek\u0161u un atpaka\u013c. Nazis ar vienpus\u0113ju asin\u0101jumu asin\u0101ms 80% asin\u0101juma pus\u0113 un 20% otr\u0101 pus\u0113. Abpus\u0113ji asin\u0101tu nazi j\u0101asina 70% labaj\u0101 pus\u0113 un 30% kreisaj\u0101. P\u0113c asin\u0101\u0161anas nazi j\u0101skalo silt\u0101, teko\u0161\u0101 \u016bden\u012b un j\u0101nosusina ar pap\u012bra dvieli l\u012bdz lieto\u0161anai.<\/li>\n<li>P\u0113c akmens m\u0113rc\u0113\u0161anas labro\u010diem j\u0101s\u0101k asin\u0101t nazis no lab\u0101s puses t\u0101, ka na\u017ea smaile ir v\u0113rsta prom no \u0137erme\u0146a. Krei\u013ciem ieteicams s\u0101kt asin\u0101t na\u017ea kreiso pusi.<\/li>\n<li>Asin\u0101\u0161anas laik\u0101 nazis j\u0101tur stingri. Virziet nazi pa akmeni le\u0146\u0137\u012b turp un atpaka\u013c k\u0101 redzams ilustr\u0101cij\u0101. Katru kust\u012bbu lab\u0101 s\u0101kt ar na\u017ea smaili un turpin\u0101t uz na\u017ea vidu un zem\u0101ko da\u013cu. Regul\u0101ri mitriniet akmeni. Asin\u0101\u0161anas laik\u0101 uz asin\u0101m\u0101s smailes veidojas t\u0113rauda kant\u012bte, ko var sataust\u012bt ar pirkstu, ja nav redzama. Kad tas notiek, mainiet na\u017ea pusi. Kad abas puses ir noasin\u0101tas t\u0101d\u0101 veid\u0101, tad mainiet uz aug\u0161u akmens smalkumu un samaziniet asin\u0101\u0161anas sp\u0113ku. Asin\u0101\u0161ana j\u0101beidz, kad var nevarat sataust\u012bt asin\u0101juma kant\u012bti p\u0113c asin\u0101\u0161anas jebkur\u0101 pus\u0113. P\u0113c asin\u0101\u0161anas nazi j\u0101skalo silt\u0101, teko\u0161\u0101 \u016bden\u012b un j\u0101nosusina ar pap\u012bra dvieli l\u012bdz lieto\u0161anai. Asin\u0101\u0161anas akmens j\u0101nosusina un j\u0101\u013cauj tam iz\u0161\u016bt.<\/li>\n<\/ol>\n","protected":false},"excerpt":{"rendered":"<p style=\"text-align: justify;\">KASUMI VG-10 PRO na\u017ei ir izgatavoti no viengabalaina jap\u0101\u0146u VG-10 kobalta augsti karboniz\u0113ta ner\u016bs\u0113jo\u0161\u0101 t\u0113rauda, kas tika izveidots \u012bpa\u0161i \u0161iem na\u017eiem. Na\u017ei ir nor\u016bd\u012bti l\u012bdz ciet\u012bbai ap 59-60 HRC, kas ir ide\u0101la ciet\u012bba profesion\u0101liem virtuves na\u017eiem. \u0160\u0101da ciet\u012bba nodro\u0161ina as\u0101ko asmeni un daudz ilg\u0101ku kalpo\u0161anas laiku, nek\u0101 tas ir vairums virtuves na\u017eiem. \u0160ie na\u017ei ir r\u016bp\u012bgi izgatavoti ar roku darbu. Lieliskais izskats un na\u017ea balanss ir pan\u0101kts jap\u0101\u0146u na\u017eu meistaru lielisko darbu.<\/p>\n","protected":false},"featured_media":901,"comment_status":"open","ping_status":"closed","template":"","meta":[],"pwb-brand":[152],"product_brand":[],"product_cat":[121,109],"product_tag":[122,112],"class_list":{"0":"post-900","1":"product","2":"type-product","3":"status-publish","4":"has-post-thumbnail","6":"pwb-brand-kasumi","7":"product_cat-kasumi","8":"product_cat-virtuves-nazi","9":"product_tag-kasumi","10":"product_tag-virtuves-nazis","11":"thunk-woo-product-list","12":"opn-qv-enable","13":"open-woo-hover-none","14":"open-single-product-tab-horizontal","15":"open-shadow-","16":"open-shadow-hover-","18":"first","19":"onbackorder","20":"taxable","21":"shipping-taxable","22":"purchasable","23":"product-type-simple"},"jetpack-related-posts":[],"jetpack_sharing_enabled":true,"brands":[{"id":152,"name":"Kasumi","slug":"kasumi"}],"_links":{"self":[{"href":"https:\/\/grillhouse.lv\/veikals\/wp-json\/wp\/v2\/product\/900","targetHints":{"allow":["GET"]}}],"collection":[{"href":"https:\/\/grillhouse.lv\/veikals\/wp-json\/wp\/v2\/product"}],"about":[{"href":"https:\/\/grillhouse.lv\/veikals\/wp-json\/wp\/v2\/types\/product"}],"replies":[{"embeddable":true,"href":"https:\/\/grillhouse.lv\/veikals\/wp-json\/wp\/v2\/comments?post=900"}],"wp:featuredmedia":[{"embeddable":true,"href":"https:\/\/grillhouse.lv\/veikals\/wp-json\/wp\/v2\/media\/901"}],"wp:attachment":[{"href":"https:\/\/grillhouse.lv\/veikals\/wp-json\/wp\/v2\/media?parent=900"}],"wp:term":[{"taxonomy":"pwb-brand","embeddable":true,"href":"https:\/\/grillhouse.lv\/veikals\/wp-json\/wp\/v2\/pwb-brand?post=900"},{"taxonomy":"product_brand","embeddable":true,"href":"https:\/\/grillhouse.lv\/veikals\/wp-json\/wp\/v2\/product_brand?post=900"},{"taxonomy":"product_cat","embeddable":true,"href":"https:\/\/grillhouse.lv\/veikals\/wp-json\/wp\/v2\/product_cat?post=900"},{"taxonomy":"product_tag","embeddable":true,"href":"https:\/\/grillhouse.lv\/veikals\/wp-json\/wp\/v2\/product_tag?post=900"}],"curies":[{"name":"wp","href":"https:\/\/api.w.org\/{rel}","templated":true}]}}