{"id":683,"date":"2020-10-09T21:01:19","date_gmt":"2020-10-09T18:01:19","guid":{"rendered":"http:\/\/grillhouse.lv\/veikals\/?post_type=product&#038;p=683"},"modified":"2024-04-15T16:36:16","modified_gmt":"2024-04-15T13:36:16","slug":"masterbuilt-gravity-560","status":"publish","type":"product","link":"https:\/\/grillhouse.lv\/veikals\/products\/masterbuilt-gravity-560\/","title":{"rendered":"Masterbuilt Gravity 560"},"content":{"rendered":"<p>Sasniedz 107 \u00b0 C 7 min\u016bt\u0113s vai 370 \u00b0 C 13 min\u016bt\u0113s<br \/>\nKontrol\u0113jiet temperat\u016bru un gatavo\u0161anas laiku, izmantojot digit\u0101lo vad\u012bbas paneli vai ar viedier\u012bces vad\u012bbu, izmantojot WIFI vai Bluetooth<br \/>\nDigitalFan \u2122 prec\u012bzai temperat\u016bras kontrolei<br \/>\nIeb\u016bv\u0113ts temperat\u016bras m\u0113r\u012bt\u0101js un ga\u013cas zondes termometrs perfektu rezult\u0101tu ieg\u016b\u0161anai katru reizi<br \/>\nGravityFed \u2122 tvertne<br \/>\nIetver atgriezeniskus d\u016bmus + \u010duguna re\u017e\u0123us zemai un l\u0113nai k\u016bpin\u0101\u0161anai vai karstai iesild\u012b\u0161anai<br \/>\nDivi porcel\u0101na p\u0101rkl\u0101juma sild\u012b\u0161anas \/ k\u016bpin\u0101\u0161anas plaukti<br \/>\n1 gada garantija<\/p>\n<p>Platums: 137cm<br \/>\nAugstums: 132cm<br \/>\nGarums: 62cm<\/p>\n","protected":false},"excerpt":{"rendered":"<div class=\"TechSpecs__ListItem\">\n<p>Izmantojot MasterBuilt Gravity Series \u2122 560 digit\u0101lo kokog\u013cu grilu + k\u016bpin\u0101tavu, j\u016bs varat k\u016bpin\u0101t, gril\u0113t, cept un v\u0113l daudz ko citu. Digit\u0101laj\u0101 vad\u012bbas panel\u012b vai viedier\u012bc\u0113 iestatiet temperat\u016bru, un DigitalFan \u2122 uztur v\u0113lamo gatavo\u0161anas temperat\u016bru. GravityFed \u2122 kokog\u013cu tvertne satur vair\u0101k nek\u0101 12 stundas kokogles, un gravit\u0101cija nodro\u0161ina, ka jums ir past\u0101v\u012bga kokog\u013cu deg\u0161ana. Apgrie\u017eamie \u010duguna re\u017e\u0123i ir lieliski piem\u0113roti k\u016bpin\u0101\u0161anai vai cepe\u0161a gatavo\u0161anai. un tikai 13 min\u016bt\u0113s \u0161is grils var sasniegt 370 \u00b0 C. Apg\u016bstiet og\u013cu gril\u0113\u0161anas un sm\u0113\u0137\u0113\u0161anas m\u0101kslu ar Masterbuilt.<\/p>\n<\/div>\n","protected":false},"featured_media":686,"comment_status":"open","ping_status":"closed","template":"","meta":[],"pwb-brand":[159],"product_brand":[],"product_cat":[48,89],"product_tag":[50,77],"class_list":{"0":"post-683","1":"product","2":"type-product","3":"status-publish","4":"has-post-thumbnail","6":"pwb-brand-masterbuilt","7":"product_cat-kokoglu-grili","8":"product_cat-masterbuilt","9":"product_tag-kokoglu-grili","10":"product_tag-masterbuilt","11":"thunk-woo-product-list","12":"opn-qv-enable","13":"open-woo-hover-none","14":"open-single-product-tab-horizontal","15":"open-shadow-","16":"open-shadow-hover-","18":"first","19":"onbackorder","20":"taxable","21":"shipping-taxable","22":"purchasable","23":"product-type-simple"},"jetpack-related-posts":[],"jetpack_sharing_enabled":true,"brands":[{"id":159,"name":"Masterbuilt","slug":"masterbuilt"}],"_links":{"self":[{"href":"https:\/\/grillhouse.lv\/veikals\/wp-json\/wp\/v2\/product\/683","targetHints":{"allow":["GET"]}}],"collection":[{"href":"https:\/\/grillhouse.lv\/veikals\/wp-json\/wp\/v2\/product"}],"about":[{"href":"https:\/\/grillhouse.lv\/veikals\/wp-json\/wp\/v2\/types\/product"}],"replies":[{"embeddable":true,"href":"https:\/\/grillhouse.lv\/veikals\/wp-json\/wp\/v2\/comments?post=683"}],"wp:featuredmedia":[{"embeddable":true,"href":"https:\/\/grillhouse.lv\/veikals\/wp-json\/wp\/v2\/media\/686"}],"wp:attachment":[{"href":"https:\/\/grillhouse.lv\/veikals\/wp-json\/wp\/v2\/media?parent=683"}],"wp:term":[{"taxonomy":"pwb-brand","embeddable":true,"href":"https:\/\/grillhouse.lv\/veikals\/wp-json\/wp\/v2\/pwb-brand?post=683"},{"taxonomy":"product_brand","embeddable":true,"href":"https:\/\/grillhouse.lv\/veikals\/wp-json\/wp\/v2\/product_brand?post=683"},{"taxonomy":"product_cat","embeddable":true,"href":"https:\/\/grillhouse.lv\/veikals\/wp-json\/wp\/v2\/product_cat?post=683"},{"taxonomy":"product_tag","embeddable":true,"href":"https:\/\/grillhouse.lv\/veikals\/wp-json\/wp\/v2\/product_tag?post=683"}],"curies":[{"name":"wp","href":"https:\/\/api.w.org\/{rel}","templated":true}]}}