{"id":661,"date":"2020-09-21T22:52:19","date_gmt":"2020-09-21T19:52:19","guid":{"rendered":"http:\/\/grillhouse.lv\/veikals\/?post_type=product&#038;p=661"},"modified":"2025-09-26T18:47:28","modified_gmt":"2025-09-26T15:47:28","slug":"ofyr-coconut-briquettes-6x-2kg","status":"publish","type":"product","link":"https:\/\/grillhouse.lv\/veikals\/products\/ofyr-coconut-briquettes-6x-2kg\/","title":{"rendered":"OFYR Coconut Briquettes (6x 2kg)"},"content":{"rendered":"","protected":false},"excerpt":{"rendered":"<p>Ide\u0101li lieto\u0161anai kop\u0101 ar OFYR Tabl\u2019O ir OFYR kokosriekstu briketes. Tie ir \u0101rk\u0101rt\u012bgi efekt\u012bvi: liels karstums, ilgsto\u0161a dedzin\u0101\u0161ana (2-3 stundas) ar minim\u0101lu d\u016bmu daudzumu, minim\u0101lu smaku un \u013coti ierobe\u017eotu atkritumu daudzumu. Tie ir kompakti un 100% ilgtsp\u0113j\u012bgi, izgatavoti no kokosriekstu atlieku atlikumiem. Kombin\u0101cij\u0101 ar OFYR Quick Starter Tabl&#8217;O ir gatavs lieto\u0161anai \u012bs\u0101 laik\u0101.<\/p>\n<p>Pieejams kast\u0113s ar 6x 2kg maisi\u0146iem, izm\u0113rs 40x28x18,5.<\/p>\n","protected":false},"featured_media":662,"comment_status":"open","ping_status":"closed","template":"","meta":[],"pwb-brand":[156],"product_brand":[],"product_cat":[71],"product_tag":[73,47],"class_list":{"0":"post-661","1":"product","2":"type-product","3":"status-publish","4":"has-post-thumbnail","6":"pwb-brand-ofyr","7":"product_cat-kokogles","8":"product_tag-kokogles","9":"product_tag-ofyr","10":"thunk-woo-product-list","11":"opn-qv-enable","12":"open-woo-hover-none","13":"open-single-product-tab-horizontal","14":"open-shadow-","15":"open-shadow-hover-","17":"first","18":"onbackorder","19":"taxable","20":"shipping-taxable","21":"purchasable","22":"product-type-simple"},"jetpack-related-posts":[],"jetpack_sharing_enabled":true,"brands":[{"id":156,"name":"OFYR","slug":"ofyr"}],"_links":{"self":[{"href":"https:\/\/grillhouse.lv\/veikals\/wp-json\/wp\/v2\/product\/661","targetHints":{"allow":["GET"]}}],"collection":[{"href":"https:\/\/grillhouse.lv\/veikals\/wp-json\/wp\/v2\/product"}],"about":[{"href":"https:\/\/grillhouse.lv\/veikals\/wp-json\/wp\/v2\/types\/product"}],"replies":[{"embeddable":true,"href":"https:\/\/grillhouse.lv\/veikals\/wp-json\/wp\/v2\/comments?post=661"}],"wp:featuredmedia":[{"embeddable":true,"href":"https:\/\/grillhouse.lv\/veikals\/wp-json\/wp\/v2\/media\/662"}],"wp:attachment":[{"href":"https:\/\/grillhouse.lv\/veikals\/wp-json\/wp\/v2\/media?parent=661"}],"wp:term":[{"taxonomy":"pwb-brand","embeddable":true,"href":"https:\/\/grillhouse.lv\/veikals\/wp-json\/wp\/v2\/pwb-brand?post=661"},{"taxonomy":"product_brand","embeddable":true,"href":"https:\/\/grillhouse.lv\/veikals\/wp-json\/wp\/v2\/product_brand?post=661"},{"taxonomy":"product_cat","embeddable":true,"href":"https:\/\/grillhouse.lv\/veikals\/wp-json\/wp\/v2\/product_cat?post=661"},{"taxonomy":"product_tag","embeddable":true,"href":"https:\/\/grillhouse.lv\/veikals\/wp-json\/wp\/v2\/product_tag?post=661"}],"curies":[{"name":"wp","href":"https:\/\/api.w.org\/{rel}","templated":true}]}}