{"id":384,"date":"2020-07-14T23:52:17","date_gmt":"2020-07-14T20:52:17","guid":{"rendered":"http:\/\/grillhouse.lv\/veikals\/?post_type=product&#038;p=384"},"modified":"2026-03-24T12:16:06","modified_gmt":"2026-03-24T10:16:06","slug":"picas-lapsta","status":"publish","type":"product","link":"https:\/\/grillhouse.lv\/veikals\/products\/picas-lapsta\/","title":{"rendered":"Picas l\u0101psta"},"content":{"rendered":"","protected":false},"excerpt":{"rendered":"<p>Jebkura pic\u0113rija var zv\u0113r\u0113t, ka vissvar\u012bg\u0101k\u0101 sast\u0101vda\u013ca p\u0113c m\u012bklas, ir lieliska ner\u016bs\u0113jo\u0161\u0101 picas l\u0101psta. Lapstai ar salok\u0101ms rokturis, lai ietaup\u012btu vietu. L\u0101pstas izm\u0113rs 30 cm. Kop\u0113jais garums 65 cm.<\/p>\n","protected":false},"featured_media":385,"comment_status":"open","ping_status":"closed","template":"","meta":[],"pwb-brand":[154],"product_brand":[],"product_cat":[67],"product_tag":[19,68],"class_list":{"0":"post-384","1":"product","2":"type-product","3":"status-publish","4":"has-post-thumbnail","6":"pwb-brand-broilking","7":"product_cat-picai","8":"product_tag-broilking","9":"product_tag-picas-lapsta","10":"thunk-woo-product-list","11":"opn-qv-enable","12":"open-woo-hover-none","13":"open-single-product-tab-horizontal","14":"open-shadow-","15":"open-shadow-hover-","17":"first","18":"instock","19":"taxable","20":"shipping-taxable","21":"purchasable","22":"product-type-simple"},"jetpack-related-posts":[],"jetpack_sharing_enabled":true,"brands":[{"id":154,"name":"BroilKing","slug":"broilking"}],"_links":{"self":[{"href":"https:\/\/grillhouse.lv\/veikals\/wp-json\/wp\/v2\/product\/384","targetHints":{"allow":["GET"]}}],"collection":[{"href":"https:\/\/grillhouse.lv\/veikals\/wp-json\/wp\/v2\/product"}],"about":[{"href":"https:\/\/grillhouse.lv\/veikals\/wp-json\/wp\/v2\/types\/product"}],"replies":[{"embeddable":true,"href":"https:\/\/grillhouse.lv\/veikals\/wp-json\/wp\/v2\/comments?post=384"}],"wp:featuredmedia":[{"embeddable":true,"href":"https:\/\/grillhouse.lv\/veikals\/wp-json\/wp\/v2\/media\/385"}],"wp:attachment":[{"href":"https:\/\/grillhouse.lv\/veikals\/wp-json\/wp\/v2\/media?parent=384"}],"wp:term":[{"taxonomy":"pwb-brand","embeddable":true,"href":"https:\/\/grillhouse.lv\/veikals\/wp-json\/wp\/v2\/pwb-brand?post=384"},{"taxonomy":"product_brand","embeddable":true,"href":"https:\/\/grillhouse.lv\/veikals\/wp-json\/wp\/v2\/product_brand?post=384"},{"taxonomy":"product_cat","embeddable":true,"href":"https:\/\/grillhouse.lv\/veikals\/wp-json\/wp\/v2\/product_cat?post=384"},{"taxonomy":"product_tag","embeddable":true,"href":"https:\/\/grillhouse.lv\/veikals\/wp-json\/wp\/v2\/product_tag?post=384"}],"curies":[{"name":"wp","href":"https:\/\/api.w.org\/{rel}","templated":true}]}}