{"id":344,"date":"2020-07-14T00:03:22","date_gmt":"2020-07-13T21:03:22","guid":{"rendered":"http:\/\/grillhouse.lv\/veikals\/?post_type=product&#038;p=344"},"modified":"2020-11-28T09:21:31","modified_gmt":"2020-11-28T07:21:31","slug":"broilking-krg-2000","status":"publish","type":"product","link":"https:\/\/grillhouse.lv\/veikals\/products\/broilking-krg-2000\/","title":{"rendered":"BroilKing KEG 2000"},"content":{"rendered":"<p>SIST\u0112MA<\/p>\n<p>Gatavo\u0161anas virsmas laukums: 1806 cm2<\/p>\n<p>Gatavo\u0161anas virsma: \u010duguna restes<\/p>\n<p>Gatavo\u0161anas virsmas diametrs: 48 cm<\/p>\n<p>Stacion\u0101rs stends<\/p>\n<p>Deluxe Accu-Temp termometrs<\/p>\n<p>Aug\u0161\u0113jais gaisa padeves regulators izgatavots no \u010duguna<\/p>\n<p>Fiks\u0113jams un sl\u0113dzams v\u0101ks<\/p>\n<p>Apak\u0161\u0113jais gaisa padeves meh\u0101nisms izgatavots no ner\u016bs\u0113jo\u0161\u0101 t\u0113rauda<\/p>\n<p>Iztur\u012bgi rokturi<\/p>\n<p>DIZAINS<\/p>\n<p>Priek\u0161\u0113j\u0101 roktur\u012b iestr\u0101d\u0101ti divi pude\u013cu attais\u0101mie<\/p>\n<p>Korpuss izdatavots div\u0101s k\u0101rt\u0101s no t\u0113rauda ar siltin\u0101jumu pa vidam<\/p>\n<p>Augstas kvalit\u0101tes pmelns epoks\u012bda kr\u0101sojums<\/p>\n<p>KURIN\u0100\u0160ANA<\/p>\n<p>Kokogles<\/p>\n<p>SAMONT\u0112TA GRILA IZM\u0112RI<\/p>\n<p>Augstums: 114 cm<\/p>\n<p>Platums: 70 cm<\/p>\n<p>Garums: 72 cm<\/p>\n<p>Svars: 52 kg<\/p>\n","protected":false},"excerpt":{"rendered":"<p style=\"text-align: justify;\">Papla\u0161iniet savu gril\u0113\u0161anas pieredzi un iesp\u0113jas ar autentisku gril\u0113\u0161anas arom\u0101tu. Patent\u0113tais\u00a0Broil\u00a0King Keg\u00a0\u00ae ir novatorisks kokog\u013cu grils, kas pied\u0101v\u0101 daudzas priek\u0161roc\u012bbas sal\u012bdzin\u0101jum\u0101 ar tradicion\u0101laj\u0101m kokog\u013cu griliem un citiem &#8220;Kamado stila&#8221; griliem.<\/p>\n<p style=\"text-align: justify;\">At\u0161\u0137ir\u012bb\u0101 no vairuma keramikas &#8220;Kamado stila&#8221; griliem, mucas\u00a0iztur\u012bgais korpuss ir izgatavots no dubultas t\u0113rauda sienas ar augstas kvalit\u0101tes izol\u0101ciju starp\u0101. \u0160is tehnolo\u0123iski modernais dizaina grils \u013coti efekt\u012bvi uztur siltumu vienlaikus nodro\u0161inot izcilu gatavo\u0161anas rezult\u0101tus.<\/p>\n","protected":false},"featured_media":345,"comment_status":"open","ping_status":"closed","template":"","meta":[],"pwb-brand":[154],"product_brand":[],"product_cat":[88,48],"product_tag":[49,51],"class_list":{"0":"post-344","1":"product","2":"type-product","3":"status-publish","4":"has-post-thumbnail","6":"pwb-brand-broilking","7":"product_cat-broilking-keg","8":"product_cat-kokoglu-grili","9":"product_tag-keg","10":"product_tag-kooglu-grili","11":"thunk-woo-product-list","12":"opn-qv-enable","13":"open-woo-hover-none","14":"open-single-product-tab-horizontal","15":"open-shadow-","16":"open-shadow-hover-","18":"first","19":"onbackorder","20":"taxable","21":"shipping-taxable","22":"purchasable","23":"product-type-simple"},"jetpack-related-posts":[],"jetpack_sharing_enabled":true,"brands":[{"id":154,"name":"BroilKing","slug":"broilking"}],"_links":{"self":[{"href":"https:\/\/grillhouse.lv\/veikals\/wp-json\/wp\/v2\/product\/344","targetHints":{"allow":["GET"]}}],"collection":[{"href":"https:\/\/grillhouse.lv\/veikals\/wp-json\/wp\/v2\/product"}],"about":[{"href":"https:\/\/grillhouse.lv\/veikals\/wp-json\/wp\/v2\/types\/product"}],"replies":[{"embeddable":true,"href":"https:\/\/grillhouse.lv\/veikals\/wp-json\/wp\/v2\/comments?post=344"}],"wp:featuredmedia":[{"embeddable":true,"href":"https:\/\/grillhouse.lv\/veikals\/wp-json\/wp\/v2\/media\/345"}],"wp:attachment":[{"href":"https:\/\/grillhouse.lv\/veikals\/wp-json\/wp\/v2\/media?parent=344"}],"wp:term":[{"taxonomy":"pwb-brand","embeddable":true,"href":"https:\/\/grillhouse.lv\/veikals\/wp-json\/wp\/v2\/pwb-brand?post=344"},{"taxonomy":"product_brand","embeddable":true,"href":"https:\/\/grillhouse.lv\/veikals\/wp-json\/wp\/v2\/product_brand?post=344"},{"taxonomy":"product_cat","embeddable":true,"href":"https:\/\/grillhouse.lv\/veikals\/wp-json\/wp\/v2\/product_cat?post=344"},{"taxonomy":"product_tag","embeddable":true,"href":"https:\/\/grillhouse.lv\/veikals\/wp-json\/wp\/v2\/product_tag?post=344"}],"curies":[{"name":"wp","href":"https:\/\/api.w.org\/{rel}","templated":true}]}}