{"id":337,"date":"2020-07-13T23:58:22","date_gmt":"2020-07-13T20:58:22","guid":{"rendered":"http:\/\/grillhouse.lv\/veikals\/?post_type=product&#038;p=337"},"modified":"2021-03-30T18:24:54","modified_gmt":"2021-03-30T15:24:54","slug":"broilking-keg-5000","status":"publish","type":"product","link":"https:\/\/grillhouse.lv\/veikals\/products\/broilking-keg-5000\/","title":{"rendered":"BroilKing KEG 5000"},"content":{"rendered":"<p><strong>SIST\u0112MA<\/strong><\/p>\n<p>Kop\u0113j\u0101 gatavo\u0161anas virsma: 3097 cm2<\/p>\n<p>Galven\u0101 gatavo\u0161anas virsma: 1806 cm2<\/p>\n<p>Virsmas diametrs: 48 cm<\/p>\n<p>Gatavo\u0161anas virsma: \u010duguna re\u017e\u0123is<\/p>\n<p>Deluxe Accu-Temp termometrs<\/p>\n<p>Papildus gatavo\u0161anas virsma p\u0101rkl\u0101ta ar hromu<\/p>\n<p><strong>DIZAINS<\/strong><\/p>\n<p>Aug\u0161\u0113jais gaisa padeves regulators izgatavots no \u010duguna.<\/p>\n<p>Gatavo\u0161anas kamerai r\u016bsas iztur\u012bgs porcel\u0101na p\u0101rkl\u0101jums.<\/p>\n<p>Iztur\u012bgi rokturi.<\/p>\n<p>Priek\u0161\u0113j\u0101 roktur\u012b iestr\u0101d\u0101ti divi pude\u013cu attais\u0101mie.<\/p>\n<p>Korpuss izdatavots div\u0101s k\u0101rt\u0101s no t\u0113rauda\u00a0ar siltin\u0101jumu pa vidam.<\/p>\n<p>Fiks\u0113jams un sl\u0113dzams v\u0101ka meh\u0101nisms.<\/p>\n<p>Iz\u0146emams t\u0113rauda plauks pelnu sav\u0101k\u0161anai un hrom\u0113ts gaisa padeves meh\u0101nisms.<\/p>\n<p>No\u0146emami s\u0101nu plaukti ar interg\u0113tiem \u0101\u0137iem piederumu pakarin\u0101\u0161anai.<\/p>\n<p>Iztur\u012bga pamatne ar lieliem rite\u0146iem grila p\u0101rvieto\u0161anai.<\/p>\n<p>Augstas kvalit\u0101tes pel\u0113ka epoks\u012bda kr\u0101sojums.<\/p>\n<p>Sader\u012bgs uzmont\u0113\u0161anai uz piekabes \u0101\u0137a.<\/p>\n<p><strong>KURIN\u0100\u0160ANA<\/strong><\/p>\n<p>Kurin\u0101\u0161anai izmantojamas kokogles.<\/p>\n<p><strong>SAMONT\u0112TA GRILA IZM\u0112RI<\/strong><\/p>\n<p>Augstums: 120 cm<\/p>\n<p>Platums: 70 cm<\/p>\n<p>Garums 104 cm<\/p>\n<p>Svars: 57 kg<\/p>\n","protected":false},"excerpt":{"rendered":"<p style=\"text-align: justify;\">Baudi patiesi gatavo\u0161anu ar autentisku grila arom\u0101tu. Patent\u0113tais\u00a0Broil King Keg\u00ae ir inovat\u012bvs kokog\u013cu grils, kuram ir daudzas priek\u0161roc\u012bbas sal\u012bdzin\u0101jum\u0101 ar tradicion\u0101lajiem kokog\u013cu un kamado stila griliem.\u00a0At\u0161\u0137ir\u012bb\u0101 no vairuma keramikas &#8220;kamado stila&#8221; griliem, Broil King mucai ir iztur\u012bgs korpuss, kas izgatavots no dubultas t\u0113rauda sienas ar augstas kvalit\u0101tes izol\u0101ciju vid\u016b. \u0160is tehnolo\u0123iski modernais dizains saglab\u0101 siltumu, k\u0101 ar\u012b strad\u0101 \u013coti efekt\u012bvi k\u0101 konvenkcijas stila kr\u0101sns, vienlaikus nodro\u0161inot izcilu gatavo\u0161anu.<\/p>\n","protected":false},"featured_media":336,"comment_status":"open","ping_status":"closed","template":"","meta":[],"pwb-brand":[154],"product_brand":[],"product_cat":[88,48],"product_tag":[49,50],"class_list":{"0":"post-337","1":"product","2":"type-product","3":"status-publish","4":"has-post-thumbnail","6":"pwb-brand-broilking","7":"product_cat-broilking-keg","8":"product_cat-kokoglu-grili","9":"product_tag-keg","10":"product_tag-kokoglu-grili","11":"thunk-woo-product-list","12":"opn-qv-enable","13":"open-woo-hover-none","14":"open-single-product-tab-horizontal","15":"open-shadow-","16":"open-shadow-hover-","18":"first","19":"onbackorder","20":"taxable","21":"shipping-taxable","22":"purchasable","23":"product-type-simple"},"jetpack-related-posts":[],"jetpack_sharing_enabled":true,"brands":[{"id":154,"name":"BroilKing","slug":"broilking"}],"_links":{"self":[{"href":"https:\/\/grillhouse.lv\/veikals\/wp-json\/wp\/v2\/product\/337","targetHints":{"allow":["GET"]}}],"collection":[{"href":"https:\/\/grillhouse.lv\/veikals\/wp-json\/wp\/v2\/product"}],"about":[{"href":"https:\/\/grillhouse.lv\/veikals\/wp-json\/wp\/v2\/types\/product"}],"replies":[{"embeddable":true,"href":"https:\/\/grillhouse.lv\/veikals\/wp-json\/wp\/v2\/comments?post=337"}],"wp:featuredmedia":[{"embeddable":true,"href":"https:\/\/grillhouse.lv\/veikals\/wp-json\/wp\/v2\/media\/336"}],"wp:attachment":[{"href":"https:\/\/grillhouse.lv\/veikals\/wp-json\/wp\/v2\/media?parent=337"}],"wp:term":[{"taxonomy":"pwb-brand","embeddable":true,"href":"https:\/\/grillhouse.lv\/veikals\/wp-json\/wp\/v2\/pwb-brand?post=337"},{"taxonomy":"product_brand","embeddable":true,"href":"https:\/\/grillhouse.lv\/veikals\/wp-json\/wp\/v2\/product_brand?post=337"},{"taxonomy":"product_cat","embeddable":true,"href":"https:\/\/grillhouse.lv\/veikals\/wp-json\/wp\/v2\/product_cat?post=337"},{"taxonomy":"product_tag","embeddable":true,"href":"https:\/\/grillhouse.lv\/veikals\/wp-json\/wp\/v2\/product_tag?post=337"}],"curies":[{"name":"wp","href":"https:\/\/api.w.org\/{rel}","templated":true}]}}