{"id":1403,"date":"2021-08-29T15:21:20","date_gmt":"2021-08-29T12:21:20","guid":{"rendered":"http:\/\/grillhouse.lv\/veikals\/?post_type=product&#038;p=1403"},"modified":"2024-04-15T16:39:23","modified_gmt":"2024-04-15T13:39:23","slug":"pitboss-vertikala-kupinatava-pbv3p1","status":"publish","type":"product","link":"https:\/\/grillhouse.lv\/veikals\/products\/pitboss-vertikala-kupinatava-pbv3p1\/","title":{"rendered":"Pitboss vertik\u0101la k\u016bpin\u0101tava PBV3P1"},"content":{"rendered":"<p style=\"text-align: justify;\">Izmantojot PB 3. s\u0113rijas granulu k\u016bpin\u0101tavu nav nepiecie\u0161ams uztraukties par gatavo\u0161anas ilgumu. Granulu tvertne \u013cauj pagatavot l\u012bdz 18 stund\u0101m! Pit Boss 3. s\u0113rijas granulu k\u016bpin\u0101tavai gatavo\u0161anas plat\u012bbas ir 0,51m2 plat\u012bba. Plaukti ar porcel\u0101na p\u0101rkl\u0101jumu, blo\u0137\u0113jo\u0161i rite\u0146u rite\u0146i, viegli nolas\u0101ms digit\u0101lais kontrolieris.<\/p>\n<p>&nbsp;<\/p>\n<p style=\"text-align: justify;\">Jauda: 11,7 kW<\/p>\n<p style=\"text-align: justify;\">Gatavo\u0161anas plaukti: 5<\/p>\n<p style=\"text-align: justify;\">Gatavo\u0161anas zona: 0,51m2<\/p>\n<p style=\"text-align: justify;\">Svars: 44kg<\/p>\n<p style=\"text-align: justify;\">Izm\u0113rs: 553 x 658 x 1340<\/p>\n","protected":false},"excerpt":{"rendered":"<p>3. s\u0113rijas vertik\u0101l\u0101 granulu k\u016bpin\u0101tava. Inov\u0101cijas satiekas br\u012bv\u0101 dab\u0101, izmantojot Pit Boss jauno 3. s\u0113rijas vertik\u0101lo granulu k\u016bpin\u0101t\u0101ju. K\u016bpin\u0101\u0161anas nekad nav bijusi tik daudzpus\u012bga. Dubulto sienu izol\u0101cija \u013cauj k\u016bpin\u0101t no 65 \u00b0 C l\u012bdz<br \/>\ntemperat\u016bra sasniedz 232 \u00b0 C.<\/p>\n","protected":false},"featured_media":1404,"comment_status":"open","ping_status":"closed","template":"","meta":[],"pwb-brand":[197],"product_brand":[],"product_cat":[172,215],"product_tag":[217,216],"class_list":{"0":"post-1403","1":"product","2":"type-product","3":"status-publish","4":"has-post-thumbnail","6":"pwb-brand-pit-boss","7":"product_cat-kupinatavas","8":"product_cat-pitboss-kupinatavas","9":"product_tag-kupinatava","10":"product_tag-pitboss","11":"thunk-woo-product-list","12":"opn-qv-enable","13":"open-woo-hover-none","14":"open-single-product-tab-horizontal","15":"open-shadow-","16":"open-shadow-hover-","18":"first","19":"outofstock","20":"taxable","21":"shipping-taxable","22":"purchasable","23":"product-type-simple"},"jetpack-related-posts":[],"jetpack_sharing_enabled":true,"brands":[{"id":197,"name":"Pit Boss","slug":"pit-boss"}],"_links":{"self":[{"href":"https:\/\/grillhouse.lv\/veikals\/wp-json\/wp\/v2\/product\/1403","targetHints":{"allow":["GET"]}}],"collection":[{"href":"https:\/\/grillhouse.lv\/veikals\/wp-json\/wp\/v2\/product"}],"about":[{"href":"https:\/\/grillhouse.lv\/veikals\/wp-json\/wp\/v2\/types\/product"}],"replies":[{"embeddable":true,"href":"https:\/\/grillhouse.lv\/veikals\/wp-json\/wp\/v2\/comments?post=1403"}],"wp:featuredmedia":[{"embeddable":true,"href":"https:\/\/grillhouse.lv\/veikals\/wp-json\/wp\/v2\/media\/1404"}],"wp:attachment":[{"href":"https:\/\/grillhouse.lv\/veikals\/wp-json\/wp\/v2\/media?parent=1403"}],"wp:term":[{"taxonomy":"pwb-brand","embeddable":true,"href":"https:\/\/grillhouse.lv\/veikals\/wp-json\/wp\/v2\/pwb-brand?post=1403"},{"taxonomy":"product_brand","embeddable":true,"href":"https:\/\/grillhouse.lv\/veikals\/wp-json\/wp\/v2\/product_brand?post=1403"},{"taxonomy":"product_cat","embeddable":true,"href":"https:\/\/grillhouse.lv\/veikals\/wp-json\/wp\/v2\/product_cat?post=1403"},{"taxonomy":"product_tag","embeddable":true,"href":"https:\/\/grillhouse.lv\/veikals\/wp-json\/wp\/v2\/product_tag?post=1403"}],"curies":[{"name":"wp","href":"https:\/\/api.w.org\/{rel}","templated":true}]}}