{"id":1336,"date":"2021-05-28T20:26:31","date_gmt":"2021-05-28T17:26:31","guid":{"rendered":"http:\/\/grillhouse.lv\/veikals\/?post_type=product&#038;p=1336"},"modified":"2021-05-28T20:26:31","modified_gmt":"2021-05-28T17:26:31","slug":"outdoorchef-480-c","status":"publish","type":"product","link":"https:\/\/grillhouse.lv\/veikals\/products\/outdoorchef-480-c\/","title":{"rendered":"Outdoorchef 480 C"},"content":{"rendered":"<p>Diametrs: 45 cm<\/p>\n<p>Gatavo\u0161anas augstums: 77 cm<\/p>\n<p>Izm\u0113ri: 69 x 65 x 98 cm<\/p>\n","protected":false},"excerpt":{"rendered":"<p>Unik\u0101l\u0101kais un daudzpus\u012bg\u0101kais og\u013cu grils. Outdoorchef unik\u0101l\u0101 kokog\u013cu piltuves sist\u0113ma nodro\u0161ina \u0113rt\u0101ko gatavo\u0161anu k\u0101da jums jebkad b\u016bs. Jebkuras uzliesmo\u0161anas iesp\u0113jas ir tuvu nullei. \u0160ie grili ir ide\u0101li piem\u0113roti cilv\u0113kiem, kuri v\u0113las baud\u012bt vies\u012bbas, nevis c\u012bn\u012bties ar nepat\u012bkamiem uzliesmojumiem.<\/p>\n","protected":false},"featured_media":1332,"comment_status":"open","ping_status":"closed","template":"","meta":[],"pwb-brand":[164],"product_brand":[],"product_cat":[48,204],"product_tag":[50,205],"class_list":{"0":"post-1336","1":"product","2":"type-product","3":"status-publish","4":"has-post-thumbnail","6":"pwb-brand-outdoorchef","7":"product_cat-kokoglu-grili","8":"product_cat-outdoorchef-kokoglu-grili","9":"product_tag-kokoglu-grili","10":"product_tag-outdoorchef","11":"thunk-woo-product-list","12":"opn-qv-enable","13":"open-woo-hover-none","14":"open-single-product-tab-horizontal","15":"open-shadow-","16":"open-shadow-hover-","18":"first","19":"instock","20":"taxable","21":"shipping-taxable","22":"purchasable","23":"product-type-simple"},"jetpack-related-posts":[],"jetpack_sharing_enabled":true,"brands":[{"id":164,"name":"Outdoorchef","slug":"outdoorchef"}],"_links":{"self":[{"href":"https:\/\/grillhouse.lv\/veikals\/wp-json\/wp\/v2\/product\/1336","targetHints":{"allow":["GET"]}}],"collection":[{"href":"https:\/\/grillhouse.lv\/veikals\/wp-json\/wp\/v2\/product"}],"about":[{"href":"https:\/\/grillhouse.lv\/veikals\/wp-json\/wp\/v2\/types\/product"}],"replies":[{"embeddable":true,"href":"https:\/\/grillhouse.lv\/veikals\/wp-json\/wp\/v2\/comments?post=1336"}],"wp:featuredmedia":[{"embeddable":true,"href":"https:\/\/grillhouse.lv\/veikals\/wp-json\/wp\/v2\/media\/1332"}],"wp:attachment":[{"href":"https:\/\/grillhouse.lv\/veikals\/wp-json\/wp\/v2\/media?parent=1336"}],"wp:term":[{"taxonomy":"pwb-brand","embeddable":true,"href":"https:\/\/grillhouse.lv\/veikals\/wp-json\/wp\/v2\/pwb-brand?post=1336"},{"taxonomy":"product_brand","embeddable":true,"href":"https:\/\/grillhouse.lv\/veikals\/wp-json\/wp\/v2\/product_brand?post=1336"},{"taxonomy":"product_cat","embeddable":true,"href":"https:\/\/grillhouse.lv\/veikals\/wp-json\/wp\/v2\/product_cat?post=1336"},{"taxonomy":"product_tag","embeddable":true,"href":"https:\/\/grillhouse.lv\/veikals\/wp-json\/wp\/v2\/product_tag?post=1336"}],"curies":[{"name":"wp","href":"https:\/\/api.w.org\/{rel}","templated":true}]}}