{"id":1307,"date":"2021-04-27T21:10:47","date_gmt":"2021-04-27T18:10:47","guid":{"rendered":"https:\/\/grillhouse.lv\/veikals\/?post_type=product&#038;p=1307"},"modified":"2022-05-08T09:00:23","modified_gmt":"2022-05-08T06:00:23","slug":"gourmet-chechdual-bt","status":"publish","type":"product","link":"https:\/\/grillhouse.lv\/veikals\/products\/gourmet-chechdual-bt\/","title":{"rendered":"Gourmet Check dual BT"},"content":{"rendered":"<p>Materi\u0101ls: ner\u016bs\u0113jo\u0161ais t\u0113rauds \/ plastmasa<br \/>\nKr\u0101sa: melna \/ pel\u0113ka<br \/>\nIzm\u0113ri cm: P 3,5 x D 2,4 x A 18,0<br \/>\nSvars: 0,310 kg<\/p>\n","protected":false},"excerpt":{"rendered":"<p>Jaunais GOURMET CHECK DUAL BT ir daudzfunkcion\u0101ls b\u0101rbekj\u016b termometrs ar \u0101tru savienojumu Bluetooth tehnolo\u0123iju. Bezvadu b\u0101rbekj\u016b termometru ir viegli lietot, tas ir \u013coti iztur\u012bgs, un t\u0101 Bluetooth diapazons ir l\u012bdz 30 metriem. Uzl\u0101d\u0113jam\u0101 baterija (komplekt\u0101 ietilpst USB uzl\u0101des kabelis) garant\u0113 darb\u012bbas laiku l\u012bdz 100 stund\u0101m. 2 zonu sensors ar ner\u016bs\u0113jo\u0161\u0101 t\u0113rauda zondi m\u0113ra cirkul\u0113jo\u0161\u0101 gaisa un serdes temperat\u016bru, un to var viegli not\u012br\u012bt zem teko\u0161a \u016bdens. Pati ier\u012bce ir iztur\u012bga pret \u0161\u013cakat\u0101m.<br \/>\n<iframe loading=\"lazy\" title=\"YouTube video player\" src=\"https:\/\/www.youtube.com\/embed\/jy6OEtTAm7Q\" width=\"873\" height=\"491\" frameborder=\"0\" allowfullscreen=\"allowfullscreen\"><\/iframe><\/p>\n","protected":false},"featured_media":1309,"comment_status":"open","ping_status":"closed","template":"","meta":[],"pwb-brand":[164],"product_brand":[],"product_cat":[207],"product_tag":[205],"class_list":{"0":"post-1307","1":"product","2":"type-product","3":"status-publish","4":"has-post-thumbnail","6":"pwb-brand-outdoorchef","7":"product_cat-termometri","8":"product_tag-outdoorchef","9":"thunk-woo-product-list","10":"opn-qv-enable","11":"open-woo-hover-none","12":"open-single-product-tab-horizontal","13":"open-shadow-","14":"open-shadow-hover-","16":"first","17":"instock","18":"taxable","19":"shipping-taxable","20":"purchasable","21":"product-type-simple"},"jetpack-related-posts":[],"jetpack_sharing_enabled":true,"brands":[{"id":164,"name":"Outdoorchef","slug":"outdoorchef"}],"_links":{"self":[{"href":"https:\/\/grillhouse.lv\/veikals\/wp-json\/wp\/v2\/product\/1307","targetHints":{"allow":["GET"]}}],"collection":[{"href":"https:\/\/grillhouse.lv\/veikals\/wp-json\/wp\/v2\/product"}],"about":[{"href":"https:\/\/grillhouse.lv\/veikals\/wp-json\/wp\/v2\/types\/product"}],"replies":[{"embeddable":true,"href":"https:\/\/grillhouse.lv\/veikals\/wp-json\/wp\/v2\/comments?post=1307"}],"wp:featuredmedia":[{"embeddable":true,"href":"https:\/\/grillhouse.lv\/veikals\/wp-json\/wp\/v2\/media\/1309"}],"wp:attachment":[{"href":"https:\/\/grillhouse.lv\/veikals\/wp-json\/wp\/v2\/media?parent=1307"}],"wp:term":[{"taxonomy":"pwb-brand","embeddable":true,"href":"https:\/\/grillhouse.lv\/veikals\/wp-json\/wp\/v2\/pwb-brand?post=1307"},{"taxonomy":"product_brand","embeddable":true,"href":"https:\/\/grillhouse.lv\/veikals\/wp-json\/wp\/v2\/product_brand?post=1307"},{"taxonomy":"product_cat","embeddable":true,"href":"https:\/\/grillhouse.lv\/veikals\/wp-json\/wp\/v2\/product_cat?post=1307"},{"taxonomy":"product_tag","embeddable":true,"href":"https:\/\/grillhouse.lv\/veikals\/wp-json\/wp\/v2\/product_tag?post=1307"}],"curies":[{"name":"wp","href":"https:\/\/api.w.org\/{rel}","templated":true}]}}