{"id":1284,"date":"2021-04-27T19:43:50","date_gmt":"2021-04-27T16:43:50","guid":{"rendered":"https:\/\/grillhouse.lv\/veikals\/?post_type=product&#038;p=1284"},"modified":"2021-05-28T17:28:03","modified_gmt":"2021-05-28T14:28:03","slug":"outdoorchef-leon-570-g","status":"publish","type":"product","link":"https:\/\/grillhouse.lv\/veikals\/products\/outdoorchef-leon-570-g\/","title":{"rendered":"Outdoorchef Leon 570 G"},"content":{"rendered":"<p>Re\u017e\u0123is: 54 cm<br \/>\nGatavo\u0161anas augstums: 88 cm<br \/>\nSvars: 24,3 kg<br \/>\nIzm\u0113ri cm: H 115 x W 65 x D 80<br \/>\nDeg\u013ca jauda: 8,5 kW<\/p>\n<p><iframe loading=\"lazy\" title=\"YouTube video player\" src=\"https:\/\/www.youtube.com\/embed\/6z17cXwY8fo\" width=\"853\" height=\"480\" frameborder=\"0\" allowfullscreen=\"allowfullscreen\"><\/iframe><\/p>\n","protected":false},"excerpt":{"rendered":"<p>Vienu deg\u013cu sist\u0113ma ar pjezo aizdedzi<br \/>\nIntegr\u0113ta pagrie\u017eama EASY FLIP piltuve tie\u0161ai un netie\u0161ai gril\u0113\u0161anai<br \/>\nVienk\u0101r\u0161s \u010detrk\u0101jains dizains ar apak\u0161\u0113jo plauktu<br \/>\n2 pret laika apst\u0101k\u013ciem iztur\u012bgi rite\u0146i<br \/>\nG\u0101zes reduktors ar \u0161\u013c\u016bteni nav komplekt\u0101<\/p>\n","protected":false},"featured_media":1288,"comment_status":"open","ping_status":"closed","template":"","meta":[],"pwb-brand":[164],"product_brand":[],"product_cat":[17,91],"product_tag":[205],"class_list":{"0":"post-1284","1":"product","2":"type-product","3":"status-publish","4":"has-post-thumbnail","6":"pwb-brand-outdoorchef","7":"product_cat-gazes-grili","8":"product_cat-outdoorchef","9":"product_tag-outdoorchef","10":"thunk-woo-product-list","11":"opn-qv-enable","12":"open-woo-hover-none","13":"open-single-product-tab-horizontal","14":"open-shadow-","15":"open-shadow-hover-","17":"first","18":"instock","19":"taxable","20":"shipping-taxable","21":"purchasable","22":"product-type-simple"},"jetpack-related-posts":[],"jetpack_sharing_enabled":true,"brands":[{"id":164,"name":"Outdoorchef","slug":"outdoorchef"}],"_links":{"self":[{"href":"https:\/\/grillhouse.lv\/veikals\/wp-json\/wp\/v2\/product\/1284","targetHints":{"allow":["GET"]}}],"collection":[{"href":"https:\/\/grillhouse.lv\/veikals\/wp-json\/wp\/v2\/product"}],"about":[{"href":"https:\/\/grillhouse.lv\/veikals\/wp-json\/wp\/v2\/types\/product"}],"replies":[{"embeddable":true,"href":"https:\/\/grillhouse.lv\/veikals\/wp-json\/wp\/v2\/comments?post=1284"}],"wp:featuredmedia":[{"embeddable":true,"href":"https:\/\/grillhouse.lv\/veikals\/wp-json\/wp\/v2\/media\/1288"}],"wp:attachment":[{"href":"https:\/\/grillhouse.lv\/veikals\/wp-json\/wp\/v2\/media?parent=1284"}],"wp:term":[{"taxonomy":"pwb-brand","embeddable":true,"href":"https:\/\/grillhouse.lv\/veikals\/wp-json\/wp\/v2\/pwb-brand?post=1284"},{"taxonomy":"product_brand","embeddable":true,"href":"https:\/\/grillhouse.lv\/veikals\/wp-json\/wp\/v2\/product_brand?post=1284"},{"taxonomy":"product_cat","embeddable":true,"href":"https:\/\/grillhouse.lv\/veikals\/wp-json\/wp\/v2\/product_cat?post=1284"},{"taxonomy":"product_tag","embeddable":true,"href":"https:\/\/grillhouse.lv\/veikals\/wp-json\/wp\/v2\/product_tag?post=1284"}],"curies":[{"name":"wp","href":"https:\/\/api.w.org\/{rel}","templated":true}]}}