{"id":1253,"date":"2021-03-30T19:47:07","date_gmt":"2021-03-30T16:47:07","guid":{"rendered":"http:\/\/grillhouse.lv\/veikals\/?post_type=product&#038;p=1253"},"modified":"2023-02-06T19:43:36","modified_gmt":"2023-02-06T17:43:36","slug":"pit-boss-competition-blend-granulas","status":"publish","type":"product","link":"https:\/\/grillhouse.lv\/veikals\/products\/pit-boss-competition-blend-granulas\/","title":{"rendered":"Pit Boss Competition Blend granulas"},"content":{"rendered":"<p>Pit Boss Competition granulu mais\u012bjums ir daudzveid\u012bgs un ar to var gatavot visu.<\/p>\n<p>Nav m\u0101ksl\u012bgu arom\u0101tu, izsmidzin\u0101mu arom\u0101tu, l\u012bmju vai \u0137\u012bmisku vielu: Pit Boss cietkoksnes granulas ir 100% dab\u012bgas.<\/p>\n<p>Vis\u0101 Zieme\u013camerik\u0101 ieg\u016btie neapstr\u0101d\u0101tie kokmateri\u0101li ir lielisks gala produkts. Augsts spiediens uz z\u0101\u0123u skaid\u0101m ra\u017eo\u0161anas laik\u0101 liek koksnes dabiskajai sulai saist\u012bt granulas kop\u0101 ar gar\u0161u, kas rakstur\u012bga katram mais\u012bjumam.<\/p>\n","protected":false},"excerpt":{"rendered":"<p>Pit Boss Competition granulu mais\u012bjums ir daudzveid\u012bgs un ar to var gatavot visu.<\/p>\n","protected":false},"featured_media":1248,"comment_status":"open","ping_status":"closed","template":"","meta":[],"pwb-brand":[197],"product_brand":[],"product_cat":[27],"product_tag":[199],"class_list":{"0":"post-1253","1":"product","2":"type-product","3":"status-publish","4":"has-post-thumbnail","6":"pwb-brand-pit-boss","7":"product_cat-granulas","8":"product_tag-granulas-pit-boss","9":"thunk-woo-product-list","10":"opn-qv-enable","11":"open-woo-hover-none","12":"open-single-product-tab-horizontal","13":"open-shadow-","14":"open-shadow-hover-","16":"first","17":"onbackorder","18":"taxable","19":"shipping-taxable","20":"purchasable","21":"product-type-simple"},"jetpack-related-posts":[],"jetpack_sharing_enabled":true,"brands":[{"id":197,"name":"Pit Boss","slug":"pit-boss"}],"_links":{"self":[{"href":"https:\/\/grillhouse.lv\/veikals\/wp-json\/wp\/v2\/product\/1253","targetHints":{"allow":["GET"]}}],"collection":[{"href":"https:\/\/grillhouse.lv\/veikals\/wp-json\/wp\/v2\/product"}],"about":[{"href":"https:\/\/grillhouse.lv\/veikals\/wp-json\/wp\/v2\/types\/product"}],"replies":[{"embeddable":true,"href":"https:\/\/grillhouse.lv\/veikals\/wp-json\/wp\/v2\/comments?post=1253"}],"wp:featuredmedia":[{"embeddable":true,"href":"https:\/\/grillhouse.lv\/veikals\/wp-json\/wp\/v2\/media\/1248"}],"wp:attachment":[{"href":"https:\/\/grillhouse.lv\/veikals\/wp-json\/wp\/v2\/media?parent=1253"}],"wp:term":[{"taxonomy":"pwb-brand","embeddable":true,"href":"https:\/\/grillhouse.lv\/veikals\/wp-json\/wp\/v2\/pwb-brand?post=1253"},{"taxonomy":"product_brand","embeddable":true,"href":"https:\/\/grillhouse.lv\/veikals\/wp-json\/wp\/v2\/product_brand?post=1253"},{"taxonomy":"product_cat","embeddable":true,"href":"https:\/\/grillhouse.lv\/veikals\/wp-json\/wp\/v2\/product_cat?post=1253"},{"taxonomy":"product_tag","embeddable":true,"href":"https:\/\/grillhouse.lv\/veikals\/wp-json\/wp\/v2\/product_tag?post=1253"}],"curies":[{"name":"wp","href":"https:\/\/api.w.org\/{rel}","templated":true}]}}