{"id":1221,"date":"2020-12-17T21:16:06","date_gmt":"2020-12-17T19:16:06","guid":{"rendered":"http:\/\/grillhouse.lv\/veikals\/?post_type=product&#038;p=1221"},"modified":"2026-04-15T11:18:50","modified_gmt":"2026-04-15T08:18:50","slug":"broilking-porta-chef-piederumu-komplekts","status":"publish","type":"product","link":"https:\/\/grillhouse.lv\/veikals\/products\/broilking-porta-chef-piederumu-komplekts\/","title":{"rendered":"BroilKing Porta Chef piederumu komplekts"},"content":{"rendered":"","protected":false},"excerpt":{"rendered":"<p style=\"text-align: justify;\">Pa\u0146emiet l\u012bdzi visus gril\u0113\u0161anas r\u012bkus, atrodoties ce\u013c\u0101! Porta Chef \u2122 piederumu komplekts ir piln\u012bb\u0101 apr\u012bkots. Marin\u0101des vai net\u012br\u0101 instrumenta glab\u0101\u0161anas tvertn\u0113 ir l\u0101psti\u0146a, knaibles, grila birste, silikona birstes birste un 20 cm \u0161efpav\u0101ra nazis. Visu papildiniet ar groz\u0101mu grie\u0161anas d\u0113\u013ca v\u0101ku un silikona siksn\u0101m.<\/p>\n","protected":false},"featured_media":1222,"comment_status":"open","ping_status":"closed","template":"","meta":[],"pwb-brand":[154],"product_brand":[],"product_cat":[90,97,17,41,176],"product_tag":[19,177],"class_list":{"0":"post-1221","1":"product","2":"type-product","3":"status-publish","4":"has-post-thumbnail","6":"pwb-brand-broilking","7":"product_cat-broilking-gazes-grili","8":"product_cat-broilking-piederumi","9":"product_cat-gazes-grili","10":"product_cat-piederumi","11":"product_cat-piederumu-komplekti","12":"product_tag-broilking","13":"product_tag-piederumu-komplekts","14":"thunk-woo-product-list","15":"opn-qv-enable","16":"open-woo-hover-none","17":"open-single-product-tab-horizontal","18":"open-shadow-","19":"open-shadow-hover-","21":"first","22":"instock","23":"taxable","24":"shipping-taxable","25":"purchasable","26":"product-type-simple"},"jetpack-related-posts":[],"jetpack_sharing_enabled":true,"brands":[{"id":154,"name":"BroilKing","slug":"broilking"}],"_links":{"self":[{"href":"https:\/\/grillhouse.lv\/veikals\/wp-json\/wp\/v2\/product\/1221","targetHints":{"allow":["GET"]}}],"collection":[{"href":"https:\/\/grillhouse.lv\/veikals\/wp-json\/wp\/v2\/product"}],"about":[{"href":"https:\/\/grillhouse.lv\/veikals\/wp-json\/wp\/v2\/types\/product"}],"replies":[{"embeddable":true,"href":"https:\/\/grillhouse.lv\/veikals\/wp-json\/wp\/v2\/comments?post=1221"}],"wp:featuredmedia":[{"embeddable":true,"href":"https:\/\/grillhouse.lv\/veikals\/wp-json\/wp\/v2\/media\/1222"}],"wp:attachment":[{"href":"https:\/\/grillhouse.lv\/veikals\/wp-json\/wp\/v2\/media?parent=1221"}],"wp:term":[{"taxonomy":"pwb-brand","embeddable":true,"href":"https:\/\/grillhouse.lv\/veikals\/wp-json\/wp\/v2\/pwb-brand?post=1221"},{"taxonomy":"product_brand","embeddable":true,"href":"https:\/\/grillhouse.lv\/veikals\/wp-json\/wp\/v2\/product_brand?post=1221"},{"taxonomy":"product_cat","embeddable":true,"href":"https:\/\/grillhouse.lv\/veikals\/wp-json\/wp\/v2\/product_cat?post=1221"},{"taxonomy":"product_tag","embeddable":true,"href":"https:\/\/grillhouse.lv\/veikals\/wp-json\/wp\/v2\/product_tag?post=1221"}],"curies":[{"name":"wp","href":"https:\/\/api.w.org\/{rel}","templated":true}]}}