{"id":120,"date":"2020-07-12T20:08:13","date_gmt":"2020-07-12T17:08:13","guid":{"rendered":"http:\/\/grillhouse.lv\/veikals\/?post_type=product&#038;p=120"},"modified":"2022-05-23T21:08:31","modified_gmt":"2022-05-23T18:08:31","slug":"traeger-pro-d2-575","status":"publish","type":"product","link":"https:\/\/grillhouse.lv\/veikals\/products\/traeger-pro-d2-575\/","title":{"rendered":"Traeger Pro D2 575"},"content":{"rendered":"","protected":false},"excerpt":{"rendered":"<p>Traeger Pro s\u0113rija ir vislab\u0101k p\u0101rdotais granulu grils pasaul\u0113. Piln\u012bgi jaunie Traeger Pro 575 un 780 grili ir k\u013cuvu\u0161i lab\u0101ki, izmantojot uzlabotu kontrolieri, kas izmanto WiFIRE\u00ae tehnolo\u0123iju. WiFIRE\u00ae \u013cauj p\u0101rraudz\u012bt un piel\u0101got grilu jebkur\u0101 laik\u0101 un viet\u0101, izmantojot viedt\u0101lru\u0146a Traeger lietotni. Turkl\u0101t ar piln\u012bgi jauno D2\u00ae piedzi\u0146u Pro s\u0113rijas wifi granulu grili tagad s\u0101kas \u0101tr\u0101k, \u0101tr\u0101k uzkarst un izce\u013c lab\u0101ku d\u016bmu kvalit\u0101ti, nodro\u0161inot konsekventus rezult\u0101tus.<\/p>\n<p>Iesp\u0113jas:<\/p>\n<p>Pro D2\u00ae kontrolieris &#8211; tikpat vienk\u0101r\u0161s k\u0101 cepe\u0161kr\u0101sns lieto\u0161ana.<\/p>\n<p>Vienk\u0101r\u0161i pagrieziet pogu uz v\u0113lamo tempu, piespiediet aizdedzi, un j\u016bs str\u0101d\u0101jat.<\/p>\n<p>WiFIRE\u00ae tehnolo\u0123ija &#8211; \u013cauj p\u0101rraudz\u012bt un piel\u0101got grilu jebkur.<\/p>\n<p>Pro D2\u00ae tie\u0161\u0101 piedzi\u0146a &#8211; uzlabo t\u012br\u012b\u0161anu un \u013caus jums gatavot zemu un l\u0113nu vai karsti un \u0101tri.<\/p>\n<p>TurboTemp\u00ae &#8211; zibens \u0101trs palai\u0161anas laiks un \u0101tr\u0101ka darba beig\u0161ana.<\/p>\n<p>GrillGuide\u00ae &#8211; pak\u0101peniskas gatavo\u0161anas instrukcijas un br\u012bdin\u0101jumi par vair\u0101k nek\u0101 1500 recept\u0113m Traeger lietotn\u0113.<\/p>\n","protected":false},"featured_media":121,"comment_status":"open","ping_status":"closed","template":"","meta":[],"pwb-brand":[163],"product_brand":[],"product_cat":[23,82],"product_tag":[25,24],"class_list":{"0":"post-120","1":"product","2":"type-product","3":"status-publish","4":"has-post-thumbnail","6":"pwb-brand-traeger","7":"product_cat-granulu-grili","8":"product_cat-traeger","9":"product_tag-granulu-grili","10":"product_tag-traeger","11":"thunk-woo-product-list","12":"opn-qv-enable","13":"open-woo-hover-none","14":"open-single-product-tab-horizontal","15":"open-shadow-","16":"open-shadow-hover-","18":"first","19":"outofstock","20":"taxable","21":"shipping-taxable","22":"purchasable","23":"product-type-simple"},"jetpack-related-posts":[],"jetpack_sharing_enabled":true,"brands":[{"id":163,"name":"Traeger","slug":"traeger"}],"_links":{"self":[{"href":"https:\/\/grillhouse.lv\/veikals\/wp-json\/wp\/v2\/product\/120","targetHints":{"allow":["GET"]}}],"collection":[{"href":"https:\/\/grillhouse.lv\/veikals\/wp-json\/wp\/v2\/product"}],"about":[{"href":"https:\/\/grillhouse.lv\/veikals\/wp-json\/wp\/v2\/types\/product"}],"replies":[{"embeddable":true,"href":"https:\/\/grillhouse.lv\/veikals\/wp-json\/wp\/v2\/comments?post=120"}],"wp:featuredmedia":[{"embeddable":true,"href":"https:\/\/grillhouse.lv\/veikals\/wp-json\/wp\/v2\/media\/121"}],"wp:attachment":[{"href":"https:\/\/grillhouse.lv\/veikals\/wp-json\/wp\/v2\/media?parent=120"}],"wp:term":[{"taxonomy":"pwb-brand","embeddable":true,"href":"https:\/\/grillhouse.lv\/veikals\/wp-json\/wp\/v2\/pwb-brand?post=120"},{"taxonomy":"product_brand","embeddable":true,"href":"https:\/\/grillhouse.lv\/veikals\/wp-json\/wp\/v2\/product_brand?post=120"},{"taxonomy":"product_cat","embeddable":true,"href":"https:\/\/grillhouse.lv\/veikals\/wp-json\/wp\/v2\/product_cat?post=120"},{"taxonomy":"product_tag","embeddable":true,"href":"https:\/\/grillhouse.lv\/veikals\/wp-json\/wp\/v2\/product_tag?post=120"}],"curies":[{"name":"wp","href":"https:\/\/api.w.org\/{rel}","templated":true}]}}