{"id":1096,"date":"2020-11-15T17:07:26","date_gmt":"2020-11-15T15:07:26","guid":{"rendered":"http:\/\/grillhouse.lv\/veikals\/?post_type=product&#038;p=1096"},"modified":"2020-11-28T09:14:59","modified_gmt":"2020-11-28T07:14:59","slug":"masterbuilt-560-sildamplaukti","status":"publish","type":"product","link":"https:\/\/grillhouse.lv\/veikals\/products\/masterbuilt-560-sildamplaukti\/","title":{"rendered":"Masterbuilt 560 sild\u0101mplaukti"},"content":{"rendered":"","protected":false},"excerpt":{"rendered":"<p>Nepiecie\u0161ama papildu vieta maiz\u012b\u0161u grauzd\u0113\u0161anai, d\u0101rze\u0146u cep\u0161anai vai v\u0101r\u012b\u0161anai netie\u0161\u0101 siltum\u0101? Masterbuilt\u00ae Gravity Series 560 Warming Racks veiks \u0161o triku. Vi\u0146i pievieno papildu 240 kvadr\u0101tcollas, dodot grilam kop\u0101 800 kvadr\u0101tcollas gatavo\u0161anas vietas.<\/p>\n<p>Iztur\u012bgs, nelip\u012bgs porcel\u0101na p\u0101rkl\u0101jums<br \/>\nPievieno 240 kvadr\u0101tcollas gatavo\u0161anas vietas<br \/>\nDer Gravity Series 560 Digital Charcoal Grill + Smoker<br \/>\nIepakojums sast\u0101v no div\u0101m sildo\u0161\u0101m plauktiem<\/p>\n","protected":false},"featured_media":1097,"comment_status":"open","ping_status":"closed","template":"","meta":[],"pwb-brand":[159],"product_brand":[],"product_cat":[48,167],"product_tag":[77,171],"class_list":{"0":"post-1096","1":"product","2":"type-product","3":"status-publish","4":"has-post-thumbnail","6":"pwb-brand-masterbuilt","7":"product_cat-kokoglu-grili","8":"product_cat-masterbuilt-piederumi","9":"product_tag-masterbuilt","10":"product_tag-sildamplaukti","11":"thunk-woo-product-list","12":"opn-qv-enable","13":"open-woo-hover-none","14":"open-single-product-tab-horizontal","15":"open-shadow-","16":"open-shadow-hover-","18":"first","19":"onbackorder","20":"taxable","21":"shipping-taxable","22":"purchasable","23":"product-type-simple"},"jetpack-related-posts":[],"jetpack_sharing_enabled":true,"brands":[{"id":159,"name":"Masterbuilt","slug":"masterbuilt"}],"_links":{"self":[{"href":"https:\/\/grillhouse.lv\/veikals\/wp-json\/wp\/v2\/product\/1096","targetHints":{"allow":["GET"]}}],"collection":[{"href":"https:\/\/grillhouse.lv\/veikals\/wp-json\/wp\/v2\/product"}],"about":[{"href":"https:\/\/grillhouse.lv\/veikals\/wp-json\/wp\/v2\/types\/product"}],"replies":[{"embeddable":true,"href":"https:\/\/grillhouse.lv\/veikals\/wp-json\/wp\/v2\/comments?post=1096"}],"wp:featuredmedia":[{"embeddable":true,"href":"https:\/\/grillhouse.lv\/veikals\/wp-json\/wp\/v2\/media\/1097"}],"wp:attachment":[{"href":"https:\/\/grillhouse.lv\/veikals\/wp-json\/wp\/v2\/media?parent=1096"}],"wp:term":[{"taxonomy":"pwb-brand","embeddable":true,"href":"https:\/\/grillhouse.lv\/veikals\/wp-json\/wp\/v2\/pwb-brand?post=1096"},{"taxonomy":"product_brand","embeddable":true,"href":"https:\/\/grillhouse.lv\/veikals\/wp-json\/wp\/v2\/product_brand?post=1096"},{"taxonomy":"product_cat","embeddable":true,"href":"https:\/\/grillhouse.lv\/veikals\/wp-json\/wp\/v2\/product_cat?post=1096"},{"taxonomy":"product_tag","embeddable":true,"href":"https:\/\/grillhouse.lv\/veikals\/wp-json\/wp\/v2\/product_tag?post=1096"}],"curies":[{"name":"wp","href":"https:\/\/api.w.org\/{rel}","templated":true}]}}