{"id":1083,"date":"2020-11-15T16:40:50","date_gmt":"2020-11-15T14:40:50","guid":{"rendered":"http:\/\/grillhouse.lv\/veikals\/?post_type=product&#038;p=1083"},"modified":"2025-04-05T11:26:16","modified_gmt":"2025-04-05T08:26:16","slug":"masterbuilt-560-parvalks","status":"publish","type":"product","link":"https:\/\/grillhouse.lv\/veikals\/products\/masterbuilt-560-parvalks\/","title":{"rendered":"Masterbuilt 560 p\u0101rvalks"},"content":{"rendered":"","protected":false},"excerpt":{"rendered":"<p style=\"text-align: justify;\">Aizsarg\u0101jiet savus ieguld\u012bjumus Masterbuilt Gravity Series 560 Grill + Smoker no saules, lietus, slapja un sniega ar \u0161o iztur\u012bgo, \u016bdensiztur\u012bgo apvalku. M\u0113s izstr\u0101d\u0101j\u0101m m\u016bsu Gravity s\u0113rijas apvalku ar visiztur\u012bg\u0101ko un \u016bdensiztur\u012bg\u0101ko materi\u0101lu, kas lepojas ar UV piedev\u0101m, lai nov\u0113rstu izbal\u0113\u0161anu un pagarin\u0101tu j\u016bsu v\u0101ka kalpo\u0161anas laiku. Iek\u0161pus\u0113 ir pievienots PVC oder\u0113jums, kas nov\u0113r\u0161 pl\u012bsumus un dubult\u0101s \u0161uves, lai nov\u0113rstu nopl\u016bdi. Regul\u0113jam\u0101 vilk\u0161anas aukla pal\u012bdz notur\u0113t v\u0101ku viet\u0101, kad t\u0101 ir uzst\u0101d\u012bta.<\/p>\n<p style=\"text-align: justify;\">Iztur\u012bgas, dubult\u0101 \u0161uves, lai nov\u0113rstu nopl\u016bdi, saglab\u0101jot j\u016bsu grila izskatu jaunu un pasarg\u0101tu no elementiem<br \/>\nPievienots iek\u0161\u0113jais PVC oder\u0113jums, kas nov\u0113r\u0161 asaro\u0161anu, no\u0146emot vai uzliekot restes p\u0101rsegu<br \/>\nUV piedevas, kas nov\u0113r\u0161 v\u0101ka izbal\u0113\u0161anu, un regul\u0113jama vilk\u0161anas aukla, kas j\u0101paliek viet\u0101, kad grils ir p\u0101rkl\u0101ts<br \/>\nSavietojams ar Gravity s\u0113rijas 560 digit\u0101lo kokog\u013cu grilu un Masterbuilt sm\u0113\u0137\u0113t\u0101ju<\/p>\n","protected":false},"featured_media":1084,"comment_status":"open","ping_status":"closed","template":"","meta":[],"pwb-brand":[159],"product_brand":[],"product_cat":[48,168,167,18],"product_tag":[77,138],"class_list":{"0":"post-1083","1":"product","2":"type-product","3":"status-publish","4":"has-post-thumbnail","6":"pwb-brand-masterbuilt","7":"product_cat-kokoglu-grili","8":"product_cat-masterbuilt-parvalki","9":"product_cat-masterbuilt-piederumi","10":"product_cat-parvalki","11":"product_tag-masterbuilt","12":"product_tag-parvalki","13":"thunk-woo-product-list","14":"opn-qv-enable","15":"open-woo-hover-none","16":"open-single-product-tab-horizontal","17":"open-shadow-","18":"open-shadow-hover-","20":"first","21":"onbackorder","22":"taxable","23":"shipping-taxable","24":"purchasable","25":"product-type-simple"},"jetpack-related-posts":[],"jetpack_sharing_enabled":true,"brands":[{"id":159,"name":"Masterbuilt","slug":"masterbuilt"}],"_links":{"self":[{"href":"https:\/\/grillhouse.lv\/veikals\/wp-json\/wp\/v2\/product\/1083","targetHints":{"allow":["GET"]}}],"collection":[{"href":"https:\/\/grillhouse.lv\/veikals\/wp-json\/wp\/v2\/product"}],"about":[{"href":"https:\/\/grillhouse.lv\/veikals\/wp-json\/wp\/v2\/types\/product"}],"replies":[{"embeddable":true,"href":"https:\/\/grillhouse.lv\/veikals\/wp-json\/wp\/v2\/comments?post=1083"}],"wp:featuredmedia":[{"embeddable":true,"href":"https:\/\/grillhouse.lv\/veikals\/wp-json\/wp\/v2\/media\/1084"}],"wp:attachment":[{"href":"https:\/\/grillhouse.lv\/veikals\/wp-json\/wp\/v2\/media?parent=1083"}],"wp:term":[{"taxonomy":"pwb-brand","embeddable":true,"href":"https:\/\/grillhouse.lv\/veikals\/wp-json\/wp\/v2\/pwb-brand?post=1083"},{"taxonomy":"product_brand","embeddable":true,"href":"https:\/\/grillhouse.lv\/veikals\/wp-json\/wp\/v2\/product_brand?post=1083"},{"taxonomy":"product_cat","embeddable":true,"href":"https:\/\/grillhouse.lv\/veikals\/wp-json\/wp\/v2\/product_cat?post=1083"},{"taxonomy":"product_tag","embeddable":true,"href":"https:\/\/grillhouse.lv\/veikals\/wp-json\/wp\/v2\/product_tag?post=1083"}],"curies":[{"name":"wp","href":"https:\/\/api.w.org\/{rel}","templated":true}]}}