{"id":462,"date":"2020-07-15T19:09:11","date_gmt":"2020-07-15T16:09:11","guid":{"rendered":"http:\/\/grillhouse.lv\/veikals\/?page_id=462"},"modified":"2020-11-09T21:11:57","modified_gmt":"2020-11-09T19:11:57","slug":"ka-iepirkties","status":"publish","type":"page","link":"https:\/\/grillhouse.lv\/veikals\/ka-iepirkties\/","title":{"rendered":"K\u0101 iepirkties?"},"content":{"rendered":"<p>1. Pas\u016bti preci m\u0101jas lap\u0101<\/p>\n<p>2. Pas\u016bti preci pa t\u0101lruni 25708090<\/p>\n<p>3. Pas\u016bti preci rakstot uz e-pastu info@grillhouse.lv<\/p>\n","protected":false},"excerpt":{"rendered":"<p>1. Pas\u016bti preci m\u0101jas lap\u0101 2. Pas\u016bti preci pa t\u0101lruni 25708090 3. Pas\u016bti preci rakstot uz e-pastu info@grillhouse.lv<\/p>\n","protected":false},"author":1,"featured_media":0,"parent":0,"menu_order":0,"comment_status":"closed","ping_status":"closed","template":"","meta":{"footnotes":""},"class_list":["post-462","page","type-page","status-publish","hentry","thunk-woo-product-list","opn-qv-enable","open-woo-hover-none","open-single-product-tab-horizontal","open-shadow-","open-shadow-hover-"],"jetpack-related-posts":[],"jetpack_sharing_enabled":true,"_links":{"self":[{"href":"https:\/\/grillhouse.lv\/veikals\/wp-json\/wp\/v2\/pages\/462","targetHints":{"allow":["GET"]}}],"collection":[{"href":"https:\/\/grillhouse.lv\/veikals\/wp-json\/wp\/v2\/pages"}],"about":[{"href":"https:\/\/grillhouse.lv\/veikals\/wp-json\/wp\/v2\/types\/page"}],"author":[{"embeddable":true,"href":"https:\/\/grillhouse.lv\/veikals\/wp-json\/wp\/v2\/users\/1"}],"replies":[{"embeddable":true,"href":"https:\/\/grillhouse.lv\/veikals\/wp-json\/wp\/v2\/comments?post=462"}],"version-history":[{"count":0,"href":"https:\/\/grillhouse.lv\/veikals\/wp-json\/wp\/v2\/pages\/462\/revisions"}],"wp:attachment":[{"href":"https:\/\/grillhouse.lv\/veikals\/wp-json\/wp\/v2\/media?parent=462"}],"curies":[{"name":"wp","href":"https:\/\/api.w.org\/{rel}","templated":true}]}}